
Let r be (-424)/14 - 6/(-21). What are the prime factors of (r/(-4))/((-6)/(-8))?
2, 5
Suppose 3*i = s - 0*s - 10, -3*s = -3*i - 12. Let q = 5 + s. Let t(o) = 3*o - 9. What are the prime factors of t(q)?
3
Suppose 18 = 4*q + v, q + 2*v - 10 = -v. Suppose 114 = 2*h - 46. Suppose 0 = -n + 3*g + 16, 6*n = n - q*g + h. List the prime factors of n.
2
Let y be 1/((-3)/2 - -2). Suppose 5*i - y*i = b - 38, 0 = 3*i - 3*b + 42. What are the prime factors of 1/(i/9)*-4?
3
Let f = -70 + 122. List the prime factors of f.
2, 13
Suppose -2*b + 135 = 3*b. Suppose 3*d + d = 2*q - 64, 5*q + 50 = -5*d. Let z = b + d. What are the prime factors of z?
13
List the prime factors of ((-12)/7)/(1267/637 - 2).
2, 3, 13
Suppose -3*t - 207 = -6*t. List the prime factors of t.
3, 23
Let u be (-9 + 3)*(-1)/3. What are the prime factors of u - (-3 + 7)/(-2)?
2
Suppose 0 = -4*u + 746 + 334. List the prime factors of u.
2, 3, 5
Suppose 11*p - 176 - 528 = 0. List the prime factors of p.
2
Suppose 4*l = 2*a - 22, -2*l + 4*l = 5*a - 39. List the prime factors of a/2 + (-3)/(-6).
2
Let p = -15 - -19. Suppose 2*s - p*l = 3*s - 17, s - 32 = l. What are the prime factors of s?
29
What are the prime factors of ((-7)/(-4))/(4/416*2)?
7, 13
Suppose 0 = -3*g - p + 193, 4*p - p = -6. Let d = g - 38. List the prime factors of d.
3
Let i be (-9)/6*(-40)/12. Let p = 4 + i. List the prime factors of p.
3
Suppose 3*l - 3 = -3*i + 9, 2*i = -4*l + 2. Suppose i*w = 2*w + 60. What are the prime factors of w?
2, 3
What are the prime factors of 2 - 4 - (12/(-3) + -58)?
2, 3, 5
Let o(y) = y**3 - 4*y**2 + 4*y. List the prime factors of o(5).
3, 5
Suppose -5*r + h + 175 = 3*h, -h = -r + 28. List the prime factors of r.
3, 11
Let y(x) = x**2 + x + 90. Let q be y(0). Let m = 6 - 8. What are the prime factors of (m/(-5))/(3/q)?
2, 3
What are the prime factors of 3 + -1 - (5 - 49)?
2, 23
Let a(q) = 6*q**2 + 3*q + 5. List the prime factors of a(4).
113
Let b be 2/(-2 + 6)*14. List the prime factors of 2*(3 - 2) + b.
3
Let h = -6 + 60. What are the prime factors of h?
2, 3
Suppose 18 = -5*g + 73. List the prime factors of g.
11
Let p(u) = u**2 - u. Let s be p(-3). Suppose 5*c - 18 = 4*j, 4*c - s = 3*j + 2. List the prime factors of c.
2
Let s = -11 - -11. Suppose s = q + 5*c - 20, 2*q - c - 40 = -0*c. What are the prime factors of q?
2, 5
What are the prime factors of 1*(8/(-12) + 179/3)?
59
Let g = 11 - -9. Let t = -2 + g. Suppose -y - 3*r - 9 = 0, 0 = -y + 2*r - 2 + t. List the prime factors of y.
2, 3
Suppose 0 = w + 4*h + 15, -5*w + 0 - 54 = -h. Let m = 23 + w. What are the prime factors of m?
2, 3
Let g = 78 + -7. What are the prime factors of g?
71
Suppose g + 0*g = 2. Suppose -5*y - 5 = 4*r, y = -5*r - 3 + g. Suppose r = -3*t - 0 + 12. List the prime factors of t.
2
Let m(z) = 45*z - 2. Let u be m(-1). Let c = u + 68. What are the prime factors of c?
3, 7
Suppose -2*x = x - 6. Suppose -4*l - 8 = 0, 2*l + 20 = 4*k - x*l. Let v = 8 - k. What are the prime factors of v?
5
Let n = -4 + 8. List the prime factors of n.
2
Suppose -5*s = -2*o - 13 - 148, 2*s - 2*o - 68 = 0. List the prime factors of s.
31
Suppose -t = 4*t - 115. List the prime factors of t.
23
Let d(g) = -5*g**3 + 11*g**2 - 10*g + 12. Let p(n) = -9*n**3 + 22*n**2 - 19*n + 23. Let s(t) = -7*d(t) + 4*p(t). List the prime factors of s(10).
2, 3
Let v = -100 - -201. What are the prime factors of v?
101
Let t(r) = 8*r - 3. List the prime factors of t(3).
3, 7
Let l(d) = -4*d - 6. Suppose -4*r = -5*j - 17, j + r = -2*j - 17. List the prime factors of l(j).
2, 7
What are the prime factors of 2 + 1 + 39 + 0?
2, 3, 7
Suppose 3*y - 7 - 32 = 0. List the prime factors of y.
13
Suppose -6*q + 12 = -2*q. List the prime factors of ((2 - 7) + q)*-7.
2, 7
Suppose -4*x - 3*g + 284 = 0, -5*x + 143 = 3*g - 212. Suppose -2*z + o = 2*z - x, 3*z = 5*o + 66. What are the prime factors of z?
17
Let o(n) = 4*n + 3 - 5*n + 4 + 0*n. What are the prime factors of o(5)?
2
Suppose 5*v = 2640 - 590. What are the prime factors of v?
2, 5, 41
Let q = 3 - 1. Suppose -q*u - 94 = -3*i - 2*i, 0 = -i + 3*u + 24. What are the prime factors of i?
2, 3
Let c(i) = i**3 + 2*i**2 + 4*i. Let l(y) = 3*y**3 + 9*y**2 + 17*y - 1. Let k(g) = -9*c(g) + 2*l(g). What are the prime factors of k(-2)?
2, 13
Suppose -20 - 12 = -2*l. Let j = l - 9. Let o = j - -7. List the prime factors of o.
2, 7
Suppose 2*g = -g - 1320. Let w be g/36 - 6/(-27). List the prime factors of (w/10)/((-3)/40).
2
Suppose 0 = -5*l + 47 + 178. Suppose n = 5, m - l = -4*m - 4*n. Suppose m*w - 2*w - 51 = 0. List the prime factors of w.
17
Let t(f) = f + 4 - f**2 - 2 + 3*f. Let u be t(5). Let w(m) = -m**2 - 4*m - 1. List the prime factors of w(u).
2
Suppose d - 6*d - 3*y = 79, -4*y = -4*d - 44. Let l = -2 - d. List the prime factors of l.
2, 3
Let v be (1 - 1)/(3 + -4). Suppose v = 4*t - 16. Suppose 4*k = -2*g + 2*k + 18, t*k - 47 = -5*g. What are the prime factors of g?
11
Let j = -2 - -1. Let a be (-2)/4*(-27 + j). Suppose 3*x = 3*f - 42, 0 = 2*f - 5*x - a - 29. List the prime factors of f.
3
Suppose 45 = 3*l + 2*l + 2*g, 4*l - 18 = 2*g. List the prime factors of 2/l + (-388)/(-14).
2, 7
Suppose 5*y = 3*w + 156, 6*y = 2*y - w + 118. Suppose -o = 2*g + 9, -3*o = -4*g - o - y. Let d = -2 - g. What are the prime factors of d?
2
Suppose -16*d + 19*d = 423. List the prime factors of d.
3, 47
Let h(v) = -2*v**3 - 19*v**2 + 15*v - 1. What are the prime factors of h(-11)?
197
Let k = -88 - -134. Let h = 81 - k. List the prime factors of h.
5, 7
Let v(p) = 3*p**2 + 3*p - 2. List the prime factors of v(4).
2, 29
Suppose -3*y + 150 = 3*y. List the prime factors of y.
5
Let n be 2 - (-1 + -2 - -1). Suppose 12 = n*d - 0*d. What are the prime factors of d?
3
Let o(j) = 5*j - 2. Let x = 3 + 1. What are the prime factors of o(x)?
2, 3
Suppose 2*q - 8 = -4*i - q, 4*i - 2*q = 8. Suppose y + 4*k - 9 = -0*y, -5*k = i*y - 15. Suppose -y*p - 9 = -59. List the prime factors of p.
2, 5
Suppose 2*z - 6 = -2. Let n = 8 - z. List the prime factors of n.
2, 3
Let c(t) = t + 15. List the prime factors of c(5).
2, 5
Let d(q) = 37*q**2 - 7*q + 5. What are the prime factors of d(2)?
139
Suppose 0*s + 7 = s. Let y = 24 - 21. Suppose y*q = 4*q - s. What are the prime factors of q?
7
Let d = 11 - 12. What are the prime factors of 4/4*d - -20?
19
Suppose 5*k = 8*k. Suppose -2*p - 12 + 1 = -o, p = k. List the prime factors of o.
11
Suppose 5*s = -0*s + 10. Suppose s = 2*l - 8. Let b = l + 3. What are the prime factors of b?
2
Let i(l) = l**3 + 7*l**2 + 2*l - 7. Let k = 9 - 15. What are the prime factors of i(k)?
17
Let o(z) = -16*z + 11. What are the prime factors of o(-4)?
3, 5
Let y(o) = 2*o**3 + 4*o + 5. Let a(b) = 5*b**3 + b**2 + 11*b + 14. Let u(v) = 3*a(v) - 8*y(v). Suppose -h + 3*h - 6 = 0. List the prime factors of u(h).
5
Let t(f) = 23*f**2 - 1. Let m be t(-1). Let j = m - 12. What are the prime factors of j?
2, 5
Let b(g) = -g**2 + 29*g - 59. List the prime factors of b(24).
61
Let a(w) = w**3 + 0*w + 1 + w**3 - 3*w**3 + w**2 + w. Let y be a(-2). Let v = y + 7. What are the prime factors of v?
2, 3
Let w(m) = 5*m**2 - 8*m**2 + 16*m + 4*m**2 + 19. List the prime factors of w(-17).
2, 3
Let j(r) = 7*r. Let w be j(3). What are the prime factors of 7/w*4*33?
2, 11
What are the prime factors of (6/21)/((-3)/(-42))?
2
Suppose -27 = -a + 67. What are the prime factors of a?
2, 47
Let a = 2 - -4. Let g = a - 5. Let b = 2 + g. What are the prime factors of b?
3
Let b(s) = -s**2 - 7*s + 2. Let h be b(-8). Let t(i) = i**2 - 3*i - 2. Let p be t(h). Suppose p + 32 = 4*r. List the prime factors of r.
3, 7
What are the prime factors of ((-72)/(-28))/((-3)/(-98))?
2, 3, 7
What are the prime factors of (-2)/(-3) - (4 + (-230)/15)?
2, 3
Let n(r) be the third derivative of -r**6/120 + r**4/6 - 5*r**3/6 + 5*r**2. List the prime factors of n(-4).
43
Let m = 33 + -21. Suppose -2*j + m = -l - 16, 2*l - 79 = -5*j. What are the prime factors of (-24)/(-10) + (-6)/j?
2
Let w = 6 - 11. Suppose 0*m - 4*m + 2*d = -18, 4*d - 55 = -5*m. Let n = m - w. List the prime factors of n.
2, 3
Let v(b) = -b**2 + 7*b + 5. Let s be v(7). Suppose 5*h - 5 - s = 0. List the prime factors of h.
2
Let b = -3 + 5. Suppose -6 = b*r + 14. Let s = r + 20. What are the prime factors of s?
2, 5
S